ulate the greatest common factor of 446 and 86259745.
223
Calculate the greatest common divisor of 36450 and 12975.
75
What is the highest common divisor of 1014 and 638904669?
507
What is the highest common factor of 1176756 and 756?
84
Calculate the highest common divisor of 472888 and 23400.
104
What is the highest common factor of 364689 and 11547?
9
Calculate the greatest common divisor of 1900 and 17527975.
475
What is the highest common divisor of 3594718 and 68?
34
What is the highest common factor of 90677712 and 86?
86
What is the highest common divisor of 1664521 and 221?
17
What is the highest common divisor of 57 and 6589371?
57
What is the greatest common factor of 1920 and 687743040?
960
Calculate the highest common factor of 21681 and 4500669.
219
Calculate the highest common factor of 555128 and 4872024.
3448
What is the highest common divisor of 97547926 and 294?
98
Calculate the highest common divisor of 7358492 and 1286.
1286
Calculate the highest common divisor of 274464 and 52728.
24
Calculate the greatest common divisor of 1717 and 59129.
1
What is the greatest common factor of 77162 and 19598?
82
Calculate the greatest common factor of 9239 and 1388.
1
Calculate the greatest common factor of 285 and 474150510.
285
What is the greatest common divisor of 375 and 717360?
15
What is the highest common divisor of 8221684 and 187156?
2636
What is the highest common divisor of 198 and 2914398?
18
Calculate the highest common divisor of 45565239 and 6541.
211
Calculate the highest common divisor of 6480 and 93900.
60
Calculate the greatest common factor of 3116 and 8902906.
38
What is the highest common factor of 1506 and 8182?
2
Calculate the greatest common factor of 60 and 255452580.
60
Calculate the greatest common divisor of 531 and 18855.
9
Calculate the highest common divisor of 3153 and 1068580077.
3153
Calculate the greatest common factor of 5900 and 5325340.
1180
Calculate the highest common divisor of 532 and 216279356.
76
Calculate the highest common factor of 105 and 55668495.
15
Calculate the greatest common factor of 3705 and 20228.
13
What is the highest common divisor of 1360 and 996400?
80
What is the greatest common factor of 1052512300 and 80?
20
What is the greatest common divisor of 237645 and 45099?
9
What is the highest common divisor of 115 and 765601?
23
What is the greatest common factor of 398702 and 129482?
1282
Calculate the greatest common divisor of 388762 and 6.
2
What is the highest common factor of 468 and 19702746?
18
What is the greatest common divisor of 281 and 69791127?
281
Calculate the highest common factor of 10736 and 998321852.
2684
What is the highest common divisor of 369785 and 56095?
65
What is the greatest common divisor of 55407419 and 53?
53
Calculate the highest common factor of 5348122 and 51727.
2249
Calculate the highest common divisor of 86032 and 289533904.
4528
Calculate the highest common factor of 133348605 and 4305.
615
Calculate the highest common divisor of 64 and 25512672.
32
Calculate the greatest common divisor of 170 and 1021490.
10
What is the highest common factor of 162 and 16523541?
27
Calculate the highest common factor of 478 and 1838.
2
What is the highest common divisor of 51915 and 735?
15
What is the greatest common divisor of 470 and 91669082?
94
What is the highest common factor of 782574 and 12662?
26
What is the greatest common divisor of 19812 and 39936?
156
What is the highest common divisor of 81261588 and 36?
12
Calculate the greatest common factor of 2724 and 42388.
4
What is the greatest common divisor of 15680314 and 86534?
1766
What is the greatest common factor of 16242756 and 246828?
3684
What is the greatest common factor of 2580024 and 203808?
4632
What is the highest common factor of 15 and 196127985?
15
Calculate the highest common divisor of 3150629 and 69441.
293
What is the highest common factor of 18352 and 419802?
2294
What is the highest common divisor of 20050 and 2501438?
802
What is the highest common factor of 6948 and 51471?
9
Calculate the greatest common divisor of 448 and 49096.
8
What is the greatest common divisor of 2849000 and 5000?
1000
Calculate the greatest common factor of 24708 and 1444708.
284
Calculate the greatest common divisor of 139040 and 83740.
1580
What is the greatest common factor of 831384 and 48600?
648
Calculate the greatest common divisor of 228879 and 29737316.
8477
Calculate the highest common divisor of 235392 and 148.
4
What is the highest common factor of 5848 and 15738872?
136
Calculate the highest common divisor of 6499878 and 2558.
2558
Calculate the greatest common divisor of 7 and 274523053.
7
What is the greatest common divisor of 279602 and 113?
1
Calculate the highest common divisor of 117989403 and 147.
147
What is the highest common factor of 2905 and 66963736?
581
Calculate the highest common divisor of 69305214 and 42.
6
Calculate the greatest common divisor of 2713025 and 2849.
259
What is the highest common factor of 262377 and 495?
9
Calculate the highest common factor of 3290 and 2151284.
94
What is the greatest common divisor of 584889 and 9?
3
What is the greatest common divisor of 573 and 23116539?
573
What is the highest common factor of 1343 and 5032187?
17
What is the highest common divisor of 32 and 34418548?
4
What is the highest common divisor of 73045180 and 3380?
3380
Calculate the greatest common factor of 144590644 and 34969.
2057
What is the greatest common factor of 35540453 and 664209?
10543
What is the greatest common divisor of 764 and 219060001?
191
Calculate the highest common divisor of 161 and 7299943.
7
What is the greatest common factor of 10731110 and 35696?
4462
What is the greatest common factor of 45591127 and 646?
323
Calculate the highest common divisor of 36885467 and 16083.
1787
Calculate the greatest common divisor of 19795605 and 255.
15
Calculate the greatest common divisor of 58947 and 3234867.
1203
What is the highest common divisor of 207 and 20666397?
69
What is the greatest common divisor of 2830 and 848910?
10
Calculate the greatest common divisor of 18399218 and 138.
46
What is the greatest common factor of 7200 and 78837300?
900
Calculate the greatest common factor of 19078722 and 52.
26
What is the greatest common factor of 46157430 and 330?
330
Calculate the highest common factor of 621 and 28752.
3
What is the greatest common factor of 2995 and 24530248?
599
What is the highest common factor of 26571525 and 1275?
75
What is the greatest common divisor of 223425 and 57594?
993
What is the greatest common divisor of 74786634 and 65?
13
What is the greatest common factor of 200408 and 51701?
533
Calculate the highest common divisor of 6478 and 35392.
158
Calculate the greatest common factor of 1251 and 31345056.
1251
Calculate the highest common factor of 48 and 36131286.
6
Calculate the highest common divisor of 131971800 and 2100.
300
Calculate the highest common factor of 14686 and 146482.
14
What is the greatest common factor of 23490359 and 8407?
1201
Calculate the highest common factor of 54 and 24119094.
6
What is the greatest common factor of 2061 and 9003822?
687
Calculate the greatest common factor of 345173348 and 39.
13
Calculate the highest common divisor of 3140265719 and 503.
503
Calculate the highest common divisor of 2457 and 5051137.
91
What is the highest common factor of 216502212 and 9456?
2364
Calculate the highest common divisor of 58 and 389122232.
58
Calculate the greatest common divisor of 7032 and 37824249.
879
Calculate the greatest common factor of 845872 and 28223686.
3646
Calculate the highest common factor of 17 and 534193703.
17
Calculate the highest common factor of 1194 and 190244.
398
What is the greatest common divisor of 48589080 and 1477?
211
What is the highest common factor of 460 and 24133480?
20
Calculate the greatest common factor of 1005 and 405413851.
67
Calculate the greatest common factor of 66141713 and 11.
11
Calculate the greatest common factor of 2512215 and 2670.
15
Calculate the highest common factor of 68060 and 104662668.
13612
Calculate the highest common divisor of 3181188 and 266352.
2148
What is the highest common divisor of 199229 and 41122?
709
What is the highest com